{"id":118,"date":"2022-03-13T22:43:32","date_gmt":"2022-03-13T21:43:32","guid":{"rendered":"https:\/\/www.sval.fr\/?page_id=118"},"modified":"2022-04-16T22:06:25","modified_gmt":"2022-04-16T20:06:25","slug":"comment-ca-marche","status":"publish","type":"page","link":"https:\/\/www.sval.fr\/index.php\/comment-ca-marche\/","title":{"rendered":"Comment \u00e7a marche ?"},"content":{"rendered":"\n<div class=\"wp-container-3 wp-block-columns\">\n<div class=\"wp-container-1 wp-block-column\">\n<h2>Votre besoin<\/h2>\n\n\n\n<p class=\"has-medium-font-size\">Afin de simplifier au maximum la d\u00e9marche, nous mettons \u00e0 votre disposition un document \u00e0 remplir, simple et complet. Ce document reprend les principaux points de personnalisation de votre site. Vous avez \u00e9galement la possibilit\u00e9 de nous transmettre tout \u00e9l\u00e9ment de votre choix pour pr\u00e9ciser vos attentes.<\/p>\n\n\n\n<h2>Le contrat<\/h2>\n\n\n\n<p class=\"has-medium-font-size\">Le contrat permet de cadrer notre relation. A sa signature, le d\u00e9veloppement du site d\u00e9butera et il vous sera livr\u00e9 sous 5 jours ouvr\u00e9s.  <\/p>\n\n\n\n<h2>Le mandat SEPA<\/h2>\n\n\n\n<p class=\"has-medium-font-size\">Il permet de mettre en place les pr\u00e9l\u00e8vements mensuels de mani\u00e8re simple et automatique. <\/p>\n<\/div>\n\n\n\n<div class=\"wp-container-2 wp-block-column\">\n<div class=\"wp-block-image\"><figure class=\"aligncenter size-full\"><img loading=\"lazy\" width=\"400\" height=\"385\" src=\"https:\/\/www.sval.fr\/wp-content\/uploads\/2022\/04\/besoin-sval.png\" alt=\"\" class=\"wp-image-178\" srcset=\"https:\/\/www.sval.fr\/wp-content\/uploads\/2022\/04\/besoin-sval.png 400w, https:\/\/www.sval.fr\/wp-content\/uploads\/2022\/04\/besoin-sval-300x289.png 300w\" sizes=\"(max-width: 400px) 100vw, 400px\" \/><\/figure><\/div>\n<\/div>\n<\/div>\n\n\n\n<p><\/p>\n","protected":false},"excerpt":{"rendered":"<p>Votre besoin Afin de simplifier au maximum la d\u00e9marche, nous mettons \u00e0 votre disposition un document \u00e0 remplir, simple et complet. Ce document reprend les principaux points de personnalisation de votre site. Vous avez \u00e9galement la possibilit\u00e9 de nous transmettre tout \u00e9l\u00e9ment de votre choix pour pr\u00e9ciser vos attentes. Le contrat Le contrat permet de&hellip;&nbsp;<a href=\"https:\/\/www.sval.fr\/index.php\/comment-ca-marche\/\" class=\"\" rel=\"bookmark\">Lire la suite &raquo;<span class=\"screen-reader-text\">Comment \u00e7a marche ?<\/span><\/a><\/p>\n","protected":false},"author":1,"featured_media":0,"parent":0,"menu_order":0,"comment_status":"closed","ping_status":"closed","template":"","meta":{"neve_meta_sidebar":"","neve_meta_container":"","neve_meta_enable_content_width":"","neve_meta_content_width":0,"neve_meta_title_alignment":"","neve_meta_author_avatar":"","neve_post_elements_order":"","neve_meta_disable_header":"","neve_meta_disable_footer":"","neve_meta_disable_title":""},"_links":{"self":[{"href":"https:\/\/www.sval.fr\/index.php\/wp-json\/wp\/v2\/pages\/118"}],"collection":[{"href":"https:\/\/www.sval.fr\/index.php\/wp-json\/wp\/v2\/pages"}],"about":[{"href":"https:\/\/www.sval.fr\/index.php\/wp-json\/wp\/v2\/types\/page"}],"author":[{"embeddable":true,"href":"https:\/\/www.sval.fr\/index.php\/wp-json\/wp\/v2\/users\/1"}],"replies":[{"embeddable":true,"href":"https:\/\/www.sval.fr\/index.php\/wp-json\/wp\/v2\/comments?post=118"}],"version-history":[{"count":5,"href":"https:\/\/www.sval.fr\/index.php\/wp-json\/wp\/v2\/pages\/118\/revisions"}],"predecessor-version":[{"id":185,"href":"https:\/\/www.sval.fr\/index.php\/wp-json\/wp\/v2\/pages\/118\/revisions\/185"}],"wp:attachment":[{"href":"https:\/\/www.sval.fr\/index.php\/wp-json\/wp\/v2\/media?parent=118"}],"curies":[{"name":"wp","href":"https:\/\/api.w.org\/{rel}","templated":true}]}}