{"id":16,"date":"2021-11-20T13:09:31","date_gmt":"2021-11-20T12:09:31","guid":{"rendered":"http:\/\/wpjb.chamrai.fr\/?page_id=16"},"modified":"2022-04-16T22:06:36","modified_gmt":"2022-04-16T20:06:36","slug":"nos-services","status":"publish","type":"page","link":"https:\/\/www.sval.fr\/index.php\/nos-services\/","title":{"rendered":"Nos services"},"content":{"rendered":"\n<div class=\"wp-container-3 wp-block-columns\">\n<div class=\"wp-container-1 wp-block-column\">\n<h2>Cr\u00e9ation de votre site personnalis\u00e9<\/h2>\n\n\n\n<p class=\"has-medium-font-size\">Nous construisons votre site sur la base d&rsquo;un mod\u00e8le ayant fait ses preuves. Votre site est personnalis\u00e9 selon vos envies. De plus, vos clients pourront y acc\u00e9der quelque soit leur m\u00e9dia : PC, tablette, smartphone !<\/p>\n<\/div>\n\n\n\n<div class=\"wp-container-2 wp-block-column\">\n<div class=\"wp-block-image\"><figure class=\"aligncenter\"><img loading=\"lazy\" width=\"400\" height=\"308\" src=\"https:\/\/www.sval.fr\/wp-content\/uploads\/2022\/04\/services-sval.png\" alt=\"\" class=\"wp-image-173\" srcset=\"https:\/\/www.sval.fr\/wp-content\/uploads\/2022\/04\/services-sval.png 400w, https:\/\/www.sval.fr\/wp-content\/uploads\/2022\/04\/services-sval-300x231.png 300w\" sizes=\"(max-width: 400px) 100vw, 400px\" \/><\/figure><\/div>\n<\/div>\n<\/div>\n\n\n\n<div class=\"wp-container-6 wp-block-columns\">\n<div class=\"wp-container-4 wp-block-column\">\n<h2>H\u00e9bergement<\/h2>\n\n\n\n<p class=\"has-medium-font-size\">Votre site et toutes ses donn\u00e9es sont h\u00e9berg\u00e9es en France. Il est accessible 24h\/24 et 7j\/7 en plus de poss\u00e9der de temps de chargements rapides: tout cela permet de garantir la meilleur exp\u00e9rience \u00e0 vos clients.<\/p>\n<\/div>\n\n\n\n<div class=\"wp-container-5 wp-block-column\">\n<h2>Maintenance<\/h2>\n\n\n\n<p class=\"has-medium-font-size\">Votre carte \u00e9volue ? Nous nous occupons de tout. Un simple mail accompagn\u00e9 de votre nouvelle carte et nous mettrons \u00e0 jour votre site dans les plus brefs d\u00e9lais. <\/p>\n\n\n\n<p class=\"has-medium-font-size\">Une envie de faire \u00e9voluer le site ? Nous sommes disponibles pour r\u00e9pondre \u00e0 toutes vos demandes.<\/p>\n<\/div>\n<\/div>\n","protected":false},"excerpt":{"rendered":"<p>Cr\u00e9ation de votre site personnalis\u00e9 Nous construisons votre site sur la base d&rsquo;un mod\u00e8le ayant fait ses preuves. Votre site est personnalis\u00e9 selon vos envies. De plus, vos clients pourront y acc\u00e9der quelque soit leur m\u00e9dia : PC, tablette, smartphone ! H\u00e9bergement Votre site et toutes ses donn\u00e9es sont h\u00e9berg\u00e9es en France. Il est accessible&hellip;&nbsp;<a href=\"https:\/\/www.sval.fr\/index.php\/nos-services\/\" class=\"\" rel=\"bookmark\">Lire la suite &raquo;<span class=\"screen-reader-text\">Nos services<\/span><\/a><\/p>\n","protected":false},"author":1,"featured_media":0,"parent":0,"menu_order":0,"comment_status":"closed","ping_status":"closed","template":"","meta":{"neve_meta_sidebar":"","neve_meta_container":"","neve_meta_enable_content_width":"","neve_meta_content_width":0,"neve_meta_title_alignment":"","neve_meta_author_avatar":"","neve_post_elements_order":"","neve_meta_disable_header":"","neve_meta_disable_footer":"","neve_meta_disable_title":""},"_links":{"self":[{"href":"https:\/\/www.sval.fr\/index.php\/wp-json\/wp\/v2\/pages\/16"}],"collection":[{"href":"https:\/\/www.sval.fr\/index.php\/wp-json\/wp\/v2\/pages"}],"about":[{"href":"https:\/\/www.sval.fr\/index.php\/wp-json\/wp\/v2\/types\/page"}],"author":[{"embeddable":true,"href":"https:\/\/www.sval.fr\/index.php\/wp-json\/wp\/v2\/users\/1"}],"replies":[{"embeddable":true,"href":"https:\/\/www.sval.fr\/index.php\/wp-json\/wp\/v2\/comments?post=16"}],"version-history":[{"count":8,"href":"https:\/\/www.sval.fr\/index.php\/wp-json\/wp\/v2\/pages\/16\/revisions"}],"predecessor-version":[{"id":187,"href":"https:\/\/www.sval.fr\/index.php\/wp-json\/wp\/v2\/pages\/16\/revisions\/187"}],"wp:attachment":[{"href":"https:\/\/www.sval.fr\/index.php\/wp-json\/wp\/v2\/media?parent=16"}],"curies":[{"name":"wp","href":"https:\/\/api.w.org\/{rel}","templated":true}]}}